29 = -3*f + 4. Let l be -39 + (-3)/(-1 - -2). Let v = l - -86. Calculate the greatest common factor of f and v.
11
Suppose -84 - 48 = -6*t. Calculate the greatest common divisor of t and 44.
22
Let d(i) = 3*i**2 - 2*i + 7. Let p be d(2). What is the highest common divisor of p and 5?
5
Let g = -4 + 6. Let m be (g + -6 + 0)*-1. What is the highest common divisor of m and 10?
2
Suppose -h + 2*l = -48, 5*h - 185 = -2*l + l. What is the highest common divisor of h and 342?
38
Suppose 20 + 0 = -4*b. Let s(j) = -3*j + 4. Let c be s(b). Calculate the greatest common divisor of c and 171.
19
Let h be 0/(-1 - 0) + 11. Let r = h - 7. Suppose 0*a = r*a - 4. What is the greatest common factor of a and 5?
1
Let f be (-14)/(-49) + 416/14. Calculate the highest common divisor of 20 and f.
10
Suppose 0 = 2*w - 3*o - 122, 0 = -4*w + o + 3*o + 240. Let q be 3/4 + w/8. What is the greatest common factor of 1 and q?
1
Let s(w) = -w**3 - 5*w**2 + 5*w - 1. Let v be s(-6). Suppose 2*o = -v*n + 15, -30 = -4*n - 0*o + 2*o. What is the highest common factor of 10 and n?
5
Let r = 48 + -79. Let z = 48 + r. Let g be 17*-3*(-8)/6. Calculate the highest common factor of g and z.
17
Let u(h) = h + 4. Let w = 2 + -2. Let z be u(w). Calculate the greatest common factor of 36 and z.
4
Let h(a) = -a**3 + 11*a**2 + 9*a + 5. Let y be h(9). Calculate the highest common factor of 31 and y.
31
Suppose 29 = 3*l - 31. Suppose -5 = 5*o, 2*c + 3*c - 1101 = o. Calculate the greatest common factor of l and c.
20
Suppose 150 = -3*n + 8*n. What is the greatest common divisor of n and 20?
10
Let m be (6*(-2)/(-3))/2. Let z be 7 + (0 - (2 - m)). Calculate the highest common divisor of z and 35.
7
Let c = 10 + -7. Let r be 0 + (0 - (0 - 9)). What is the greatest common factor of c and r?
3
Suppose -5*s + 2*r + 42 = 0, 5 = s + 8*r - 5*r. Calculate the highest common factor of 6 and s.
2
Let o = 169 - 85. Calculate the greatest common factor of o and 24.
12
Suppose -3*c + 4*a = -4*c - 12, -4*a - 60 = -5*c. What is the highest common factor of 24 and c?
8
Let f = -5 - -10. Calculate the highest common divisor of f and 40.
5
Let s = 40 - 32. Calculate the highest common factor of s and 72.
8
Suppose -6*b - 22 = -7*b. What is the greatest common divisor of b and 154?
22
Suppose 2*a - 25 = -3*a. Suppose 0 = 2*v - 45 + a. Calculate the highest common factor of v and 10.
10
Let l = -14 + -6. Let t be 15/l - 11/(-4). What is the greatest common divisor of t and 4?
2
Let w = -46 + 55. Calculate the highest common factor of w and 45.
9
Let b(v) = 2*v**3 - 3*v**2 + 3*v. Let g = 4 - 2. Let a be b(g). Let f = 97 - 37. What is the highest common factor of f and a?
10
Suppose 0 = i + 4*l - 19, 0 = 3*i - 0*i - 4*l + 7. Calculate the greatest common factor of i and 33.
3
Let a(y) = -y - 8. Let k be a(-5). Let b(v) = -v**3 - 2*v**2 - v + 3. Let u be b(k). What is the highest common factor of u and 5?
5
Suppose -y - 3*y = -376. Let a = -40 + y. Calculate the greatest common factor of a and 18.
18
Suppose -n - c = -17, -2*n + c + 22 = -24. Let d be 8*(-3 + n/6). What is the highest common divisor of 20 and d?
4
Suppose 2*a = a + 14. Suppose -p + a = p. Suppose -t - 1 = -2*t. What is the greatest common divisor of t and p?
1
Let f(q) = -9*q + 19*q - 41*q - 74*q. Let h be f(-1). Calculate the greatest common factor of h and 42.
21
Suppose -5*a = -7*a + 44. What is the highest common divisor of 2 and a?
2
Suppose 0 = -w + 5*k + 1 - 11, -16 = -2*w - 2*k. Suppose l - 24 = -g - 2*g, -w*l = 0. Calculate the greatest common factor of g and 16.
8
Let r = -1 - -16. Let v = 25 - r. What is the highest common divisor of v and 5?
5
Suppose 5 = 4*m - 75. Calculate the greatest common factor of 10 and m.
10
Let x(c) = -19*c**3 + c**2. Let i be x(-1). Calculate the greatest common factor of i and 4.
4
Suppose 4 = -2*q, 2*h - 3*h = 3*q - 6. Let j be 2 - (69/(-1))/((-18)/(-12)). What is the greatest common factor of h and j?
12
Let q be 2/11 - (-196)/11. Let f = q + -1. What is the greatest common divisor of 17 and f?
17
Suppose 0 = -5*k + 4*j - 100 + 10, j - 47 = 3*k. Let a be (-28)/(-7)*k/(-8). What is the greatest common factor of 1 and a?
1
Suppose -64 + 4 = -4*s. Let h = 79 - 19. What is the highest common factor of h and s?
15
Suppose f + 0*f - 5 = 0. Suppose -f*q + 30 = -5. Let v(i) = 3*i**2 - 12. Let c be v(5). Calculate the highest common factor of q and c.
7
Let c = 9 + -8. What is the highest common divisor of 4 and c?
1
Suppose -4*t + 2*t + 2 = 0. Suppose -f = -3 - t. What is the highest common divisor of 2 and f?
2
Suppose 52 = 4*h - 3*p - 73, -4*h + 135 = -p. Calculate the greatest common divisor of h and 5.
5
Suppose p + 1 = 5. Suppose -z = -3*c + 224, p*z = c + 2*c - 221. Suppose -c = -2*h - 3*h. Calculate the greatest common factor of 165 and h.
15
Let o = -25 + 10. Let v = 87 + o. What is the highest common factor of v and 8?
8
Let f(v) = 5*v + 18. Let p be f(12). Calculate the greatest common factor of p and 52.
26
Let m(t) = -t**3 + 5*t**2 - 2*t - 4. Let j be m(4). What is the highest common divisor of j and 28?
4
Let a = -30 + 41. Calculate the greatest common factor of a and 44.
11
Let n(m) = 21*m**3 - m**2 + 2*m - 5. Let g(j) = -j**3 - 1. Let x(o) = -4*g(o) + n(o). Let u be x(1). Calculate the highest common factor of u and 250.
25
Let x be 20/(-3)*9/(-6). What is the greatest common factor of x and 4?
2
Suppose -5*v + 5*b = 45, -2*v = 2*v + 2*b + 24. Let k(c) = c**3 + 8*c**2 - 8*c - 1. Let w be k(v). Calculate the highest common divisor of 13 and w.
13
Let l(j) = 8*j - 8. Let i be l(8). What is the highest common divisor of i and 7?
7
Let r be 4/(-3)*4194/(-4). Suppose 0 = 4*g + 294 - r. Suppose -5*x = 76 - g. Calculate the highest common divisor of x and 4.
4
Suppose 38 = 4*i - 18. What is the highest common factor of i and 42?
14
Let k be (-2)/(-3)*3/1. Suppose 3*h = -k*h + 20. Let j = -17 + 27. What is the greatest common factor of h and j?
2
Let i = 1 + 4. Suppose -i*w = -2 - 98. Let o(v) = -3*v - 4. Let m be o(-4). What is the greatest common factor of m and w?
4
Let i be (-2)/10 - (-78)/15. Let d be (1 - 2) + i + 2. Suppose 2*k - 2*y + y = 9, -4*y - 15 = -k. Calculate the highest common factor of d and k.
3
Suppose 0 = 5*s + 5*a - 425, -3*s - a = 53 - 306. Let z(n) = 6*n - 8. Let j be z(6). Suppose 3*i - i - j = 0. Calculate the highest common divisor of s and i.
14
Let u(g) = -2*g. Let h be u(-9). Let k be (1 + 0)/((-1)/(-2)). What is the greatest common divisor of k and h?
2
Suppose -5*w - 28 = -7*w. What is the greatest common divisor of w and 154?
14
Let v(z) = z - 14. Let i be v(22). Calculate the highest common factor of 4 and i.
4
Let b be ((-12)/(-8))/((-6)/(-16)). Suppose b*t = i + 45, 3*t + 3*i = -2*t + 35. Let m = 17 - -33. Calculate the greatest common divisor of m and t.
10
Let w(r) = 51*r**2 + 4*r + 5. Let g be w(-1). What is the highest common divisor of g and 130?
26
Suppose 0 = -d - 4. Let i be (2*-3)/(d/126). Suppose 2*m = -m + i. What is the greatest common divisor of 7 and m?
7
Suppose 28 = y + 3*y. Let l = 15 - y. What is the highest common factor of 2 and l?
2
Suppose -4*u = -7*u + 150. Calculate the highest common factor of u and 20.
10
Suppose -7*r + 139 = -2*r + x, 2*r = 4*x + 60. Suppose -3*i - 3*w + 14 = -2*w, 2 = -2*i + 5*w. Calculate the highest common divisor of i and r.
4
Let u = -16 + 21. Suppose 3*x - u*c - 92 = -0*x, c + 100 = 4*x. What is the greatest common factor of x and 3?
3
Suppose -6*k + 60 = -0*k. Let u = 73 - -7. Calculate the greatest common divisor of k and u.
10
Let l(u) = u. Let w(z) = -4*z + 6. Let y(k) = 3*l(k) + w(k). Let o be y(-5). What is the greatest common factor of 55 and o?
11
Suppose 11 = 3*g + 2. Let f = -1 - g. Let d(u) = -u**2 - 6*u + 2. Let w be d(f). What is the highest common divisor of w and 100?
10
Suppose 2*d - 6*q + q = 47, 0 = 2*d - 4*q - 44. Let b = d - 12. Let z(j) = 20*j**3 + j**2 - j. Let p be z(1). Calculate the highest common factor of p and b.
4
Let m(r) = 4*r**2 - r + 1. Let o be m(1). Let g be 3*(4 + o + -1). What is the highest common factor of g and 3?
3
Suppose c = -4*u + 145, 4*c - 4*u = u + 538. Let s = -92 + c. What is the greatest common factor of s and 9?
9
Let n be (-14)/(-4) + 2/4. Suppose 17 = 2*a + 3. Let w(q